3)/6. Let o be z(r). What is v(o)?
-2
Suppose -4*l = -10*l - 96. Let x = 10 + l. Let k(b) = b**2 + 6*b + 6. Determine k(x).
6
Let q(z) = 7*z + 10. Let o be (-9)/5*(48 - 53). Calculate q(o).
73
Let f(o) = o**2 + 2*o - 3. Suppose 3*k - 115 = -16. Suppose 3 = -9*u - k. What is f(u)?
5
Let z(f) = -f**2 + 6*f - 2. Let m be 26/6 + 10/15. Let v be z(m). Suppose -v*r = -2*w + 1, -3 - 7 = 5*r + 5*w. Let q(g) = -g**3 - 2*g**2 - 2*g - 1. Give q(r).
0
Let t(i) be the first derivative of -i**2/2 - 4*i - 255. What is t(-4)?
0
Let u = 1 + 3. Let d(z) be the first derivative of -2*z**3/3 - 5*z**2/2 + 7*z + 3. Let b(n) = -5*n**2 - 15*n + 20. Let j(i) = 3*b(i) - 8*d(i). What is j(u)?
0
Let a(r) = r**3 - 6*r**2 - 12*r + 28. Suppose 4*g + 3 = l, -4*l + 5*g + 13 = -10. What is a(l)?
-7
Suppose -r - 3 = -2*r. Let h be 14/1 + 10/(-10). Let p(d) = -h + d + 14 - 5 - 1. Calculate p(r).
-2
Let i(b) = -b**2 + 3*b + 7. Let c(z) = -z**2 - 10*z + 15. Let j be c(-11). Let w = 11 - j. Let h = -1 + w. Calculate i(h).
-11
Let q(r) = -257*r + 17 + 525*r - 259*r. What is q(-3)?
-10
Let w(o) be the third derivative of o**6/360 + 3*o**5/40 + o**4/12 - o**3/3 + 2*o**2. Let h(q) be the first derivative of w(q). Calculate h(-8).
-6
Let u = 361 + -366. Let l(z) be the second derivative of z**5/20 + z**4/3 - z**3 + 2*z**2 + 3*z. What is l(u)?
9
Let z(f) = 5*f. Let o be 9/(3/9 - 0). Let y be (-18)/o*6/4. Give z(y).
-5
Let w(p) = -19 - 8 - 3*p + 29. Let d = 6 + -3. Calculate w(d).
-7
Let v(l) = l**2 - 6*l - 3. Suppose -2*p - 4*d + 9 = 3*p, -10 = 2*p + 5*d. Calculate v(p).
-8
Let z = -29 + 47. Let r(y) = y**3 + 15 - 2*y**2 - z + 7*y**2. Give r(-5).
-3
Let j(b) be the first derivative of -b**6/120 + b**5/10 + 7*b**4/24 + 7*b**3/6 - 3*b**2/2 - 7. Let n(f) be the second derivative of j(f). Calculate n(7).
7
Let g(c) = -c + 12. Let y be g(8). Let t(p) = -p**3 + 7*p**2 - 4*p + 4. Determine t(y).
36
Let d be 135/27*2*1/5. Let w be (-711)/99 - d/(-11). Let j(k) = -k**3 - 8*k**2 - 7*k + 2. Calculate j(w).
2
Let u(m) = -m**2 - 4*m + 14. Suppose -6*y = -4*n - 3*y - 37, -5*n - 2*y - 29 = 0. Determine u(n).
-7
Let p be (-3 + 4)*6/(-1). Let k(q) = q**3 + q**2 + 5*q - 7. Let l(c) = -c**3 - 2*c**2 - 5*c + 7. Let z(m) = p*l(m) - 5*k(m). Give z(-6).
-1
Let n(u) = u + 7. Let a(x) = x + 8. Let b(h) = -4*a(h) + 5*n(h). Let w be b(-3). Let m(s) = -s + 1. Determine m(w).
1
Let p(f) = f**3 + f**2 - 3. Let d(g) = 7*g**3 + 2*g - 19. Let h(b) = -d(b) + 6*p(b). Calculate h(3).
22
Let n(y) = -y + 5. Let v be -6*(-4 + (-5)/3). Let g be (17/v)/(1/18). Let l = 9 - g. Give n(l).
5
Let a(r) = r**2 + 1 + 4 - 1 - 8*r - 1. Let q = 29 + -22. Let m = 13 - q. Calculate a(m).
-9
Let g(y) = 2*y**3 - 11*y**2 + 4*y + 10. Let n be g(5). Let v(t) be the first derivative of -3*t**2/2 + 3*t + 3. Give v(n).
-12
Let z(p) = 6*p**3 + 3*p**2 - 11*p + 1. Let a(r) be the second derivative of -r**5/20 + r**3/6 - r**2/2 + 12*r. Let s(m) = 5*a(m) + z(m). Determine s(-4).
4
Let f be ((-231)/(-264))/(1/8). Let w(x) = -13*x**2 + 12*x + 4. Let q(u) = 7*u**2 - 6*u - 2. Let r(p) = -11*q(p) - 6*w(p). Give r(f).
5
Let g(r) = -r + 6. Let q be g(6). Let d(f) = -f**3 - f**2 + 3*f - 3. Let l be d(q). Let c(z) = z**2 + z - 4. Give c(l).
2
Let x(u) be the second derivative of 5*u**3/6 - 9*u**2/2 + 8*u + 13. What is x(6)?
21
Suppose 244 = 11*x + 68. Let m be ((-18)/24)/((-2)/x). Let a(v) = -v + 4. Determine a(m).
-2
Let q(b) = 5*b - 3. Let o be q(1). Let j(c) = 0*c**o + c**2 - 13 + 16 + 4*c. Calculate j(-5).
8
Let l(g) = -9*g + 143. Let k be l(17). Let c(m) = -m**2 - 11*m - 13. Calculate c(k).
-3
Let m(s) = 62*s + 28*s**2 - 5 + 0 - 29*s**2 - 60*s. Calculate m(4).
-13
Let v(z) = 3*z - 3. Let d be 3/(((-27)/2)/9). Let j be d + 32/6 + 4/(-3). What is v(j)?
3
Let k(b) = -3*b + 11. Suppose -39 - 185 = -32*i. Calculate k(i).
-10
Let a(h) = h + 9. Let b(l) = l. Let y be (-1)/3 + 64/12. Suppose -y*d = -6*d - 7. Let q be b(d). What is a(q)?
2
Suppose 5*d - 21 = -3*f, -2*d - f = -5 - 3. Suppose 0 = -3*s - 4*b - 15, d*s + 3*b = -2*b - 18. Let a(z) = 16*z**2 + z + 1. What is a(s)?
16
Let r(t) be the second derivative of -t**5/20 - 5*t**4/12 - t**3/6 + t**2 - 7*t. What is r(-5)?
7
Let r(k) be the second derivative of -k**4/6 + 3*k**3 + 5*k**2/2 + 325*k. Give r(8).
21
Let k(a) = a**2 + a + 1. Suppose -x + 6 - 62 = 0. Let o = x + 55. Determine k(o).
1
Suppose 3 - 27 = -j. Let n = j - 4. Suppose -a - 4*d + 5 = d, -n = -4*a - 3*d. Let f(r) = r**2 - 5*r + 7. Determine f(a).
7
Let m(l) = -25*l - 9. Let o(v) be the first derivative of 6*v**2 + 4*v + 16. Let y(i) = -3*m(i) - 7*o(i). Calculate y(-1).
8
Let j(i) = 2*i**3 - 3*i**2. Let w be j(2). Suppose -w*u = -0*u. Suppose 5*p - 5*s = 25 - 0, -3*s - 6 = u. Let o(y) = -4*y + 4. Determine o(p).
-8
Let z = 18 - 11. Suppose 2*f + 0*f - 8 = 0. Suppose -f*s - 17 - z = 0. Let r(a) = -a**3 - 6*a**2 - a - 2. Calculate r(s).
4
Let h(d) = d**3 + d**2 - d + 2. Let b = 117 - -5. Let g = 122 - b. Calculate h(g).
2
Let r(q) = 9 - 4 + 186*q - 6 - 207*q. Give r(-1).
20
Suppose 0 = 2*h + 6 - 10. Suppose 0 = -h*p + 4*c + 16, p + 0*c + 5*c = -20. Let k(j) = -j**3 + p*j**2 + 145*j - 7*j**2 - 4 - 151*j. Determine k(-6).
-4
Let d(x) be the third derivative of x**5/60 + x**4/6 - x**3 + 41*x**2. Suppose 5*f + 50 = -5*f. Determine d(f).
-1
Let s be ((-10)/(-2))/(-3 - (-4)/1). Suppose -s*m + m = -16, 2*n + 4*m = 4. Let t(l) = l**3 + 6*l**2 + 2*l - 5. Calculate t(n).
-17
Suppose 0 = -l + 2*q - 23, 0*q - 5*q = -l - 8. Let h = l - -31. Let b(m) = -2*m**2 - 6*m + 4. Let p(t) = t - 1. Let u(w) = b(w) + 6*p(w). Give u(h).
-10
Suppose 4*i = -5*m + 2, 6*m - 2*m + 5*i + 2 = 0. Let v = 3 + 0. Suppose -3*h = -d - 0*d - m, v*h = 5*d - 14. Let z(t) = 3*t. Determine z(h).
6
Suppose -2*g + 5*f + 52 = 0, -4*g + f = -78 - 8. Let k = 17 - g. Let r(m) be the second derivative of -m**4/12 - m**3/3 - m**2 + m. What is r(k)?
-10
Let g(f) = f**3 - 5*f**2 + 2*f + 4. Let a(c) = c - 7. Let k(p) = -p + 6. Let u(t) = -4*a(t) - 3*k(t). Let h be u(7). Calculate g(h).
-8
Let y(h) = 4*h**3 + 7*h**2 + 5*h. Let a(t) = 5*t**3 + 8*t**2 + 6*t. Let f(j) = 3*a(j) - 4*y(j). Let g(x) = -x**2 + 4*x + 2. Let i be g(5). Give f(i).
-3
Let r(s) be the third derivative of -8/3*s**3 + 0 + 1/24*s**4 + 36*s**2 + 0*s + 1/120*s**6 - 1/60*s**5. Calculate r(0).
-16
Let j(u) = -2*u**2 - 1. Let o(s) = s**2 + 2. Let q = 1 - -1. Let h(a) = q*j(a) + 3*o(a). Give h(3).
-5
Let k(a) be the first derivative of a**3/3 + 5*a**2/2 - 10*a - 30. Calculate k(-7).
4
Let l(i) = 8*i**3 - i**2 + i - 1. Let k(n) be the second derivative of n**4/12 + 11*n**3/6 + 19*n**2/2 - 13*n. Let v be k(-9). Determine l(v).
7
Let u(d) = -5*d - 5*d**2 - d + 2*d - 2. Suppose n - 4*n + 3*z - 12 = 0, n - 4*z + 10 = 0. Determine u(n).
-14
Let g be -19 + 0/((-42)/6). Let k(j) = j**2 + 23*j + 77. Let v be k(g). Let u(p) = 8*p + 2 - 1 - p. Give u(v).
8
Suppose -5*s = 25, 3*z + 4 + 0 = -5*s. Suppose 8*t - 9*t = -3. Let v(b) = -17*b - 3 + t + 18*b. Give v(z).
7
Suppose 100 = 4*q - 68. Suppose -3*x - q = 4*x. Let b(u) = u**3 + 5*u**2 - 9*u - 8. Give b(x).
10
Let y be (-54)/(-21) + (-32)/56. Let l(d) = -3*d**3 + 4*d**3 - d**3 + 2*d - d**3 - 3. What is l(y)?
-7
Let g(x) = 3*x + 1. Let h(n) = 2 + 3*n - 5 + 4 + 2*n. Suppose 0 = -5*u - 8 + 43. Let q(t) = u*g(t) - 4*h(t). Calculate q(0).
3
Let x(s) = -3379*s + 3399*s - 8*s**2 - 5*s**2 - s**3 + 27 - 5*s**2. Give x(-19).
8
Let v(r) = -72 + 145 + 4*r - 74 - 3*r. Let b(l) = -l**2 - 5*l - 4. Let j be b(-3). What is v(j)?
1
Let r(b) be the first derivative of -b**3/3 - 3*b**2/2 + 4*b - 527. Let t(i) = i - 8. Let m be t(7). Let s = -4 + m. What is r(s)?
-6
Let n(t) = -2*t + 1. Let d = 117 - 119. Give n(d).
5
Suppose l = 3*l + 4*r - 16, -3*l + 4*r - 16 = 0. Suppose l = -3*i + i + 12. Let g(j) = -j - 3 - 2*j + i. Calculate g(3).
-6
Suppose -4*v - 2*m = -v + 29, -22 = 3*v - 5*m. Let r = v - -11. Let a(x) = 8*x + 3 - r - 5*x. Calculate a(-2).
-5
Let c(w) = -16*w - 1. Let t be (2/(-4))/((-39)/(-78)). What is c(t)?
15
Let m(r) = 20*r**3 + 20*r**2 + 4*r - 6. Let w(j) = 4*j**3 + 4*j**2 + j - 1. Let g(c) = -3*m(c) + 16*w(c). Calculate g(-2).
-22
Let g = -33 + 58. Let s = 19 - g. Let w(x) be the first derivative of x**2/2 - 4*x + 1. What is w(s)?
-10
Let y = -628/11 + 1311/22. Let j(c) be the first derivative of -y*c**2 + 